{"id":2,"date":"2010-02-27T01:03:59","date_gmt":"2010-02-26T23:03:59","guid":{"rendered":"http:\/\/www.hmgardendesign.com\/?page_id=2"},"modified":"2015-03-17T14:48:30","modified_gmt":"2015-03-17T12:48:30","slug":"about","status":"publish","type":"page","link":"https:\/\/www.hmgardendesign.com\/","title":{"rendered":"HM Garden Design"},"content":{"rendered":"<p><strong>Award-winning garden design<\/strong><\/p>\n<p><a href=\"http:\/\/www.hmgardendesign.com\/wp-content\/uploads\/Hester-Mac-Donald-Jardins-en-F\u00eate-Coppet-2012-1-266x400.jpg\" data-rel=\"lightbox-image-0\" data-rl_title=\"\" data-rl_caption=\"\" title=\"\"><img loading=\"lazy\" class=\"alignleft size-medium wp-image-568\" src=\"http:\/\/www.hmgardendesign.com\/wp-content\/uploads\/Hester-Mac-Donald-Jardins-en-F\u00eate-Coppet-2012-1-266x400-166x250.jpg\" alt=\"Hester Macdonald\" width=\"166\" height=\"250\" srcset=\"https:\/\/www.hmgardendesign.com\/wp-content\/uploads\/Hester-Mac-Donald-Jardins-en-F\u00eate-Coppet-2012-1-266x400-166x250.jpg 166w, https:\/\/www.hmgardendesign.com\/wp-content\/uploads\/Hester-Mac-Donald-Jardins-en-F\u00eate-Coppet-2012-1-266x400.jpg 266w\" sizes=\"(max-width: 166px) 100vw, 166px\" \/><\/a>With a British horticultural\u00a0qualification from the RHS I have been\u00a0working as a Garden\u00a0Designer\u00a0in the greater\u00a0Geneva area\u00a0since 2004.\u00a0As a native English speaker I have many\u00a0years experience also working in French.<\/p>\n<p>Winner of the Concours Laurent Perrier Prix du Jury in 2009, I bring the best of British design to your doorstep.<\/p>\n<p>I believe in combining my passion and pragmatism to help\u00a0you make the most of your outdoor space. From the\u00a0initial concept work through to the finished garden, I&#8217;m with you every step of the way.<\/p>\n<p>Do you have a new garden and you&#8217;re not sure where to start? Perhaps you have an established garden but you&#8217;re nervous of making radical changes on your own? Or maybe\u00a0you are renting and\u00a0want to improve the\u00a0garden? Then get in touch!<\/p>\n<h3 style=\"font-size: 14px;\">CONTACT<\/h3>\n<p>HM Garden Design<br \/>\n120 Route de Villars Dame, Versonnex<br \/>\nFrance 01210<br \/>\nTel: +33 450 42 48 75<br \/>\n<a href=\"mailto:hester@hmgardendesign.com\">hester@hmgardendesign.com<\/a><\/p>\n<p><strong>Bienvenue \u00e0 nos lecteurs francophones.\u00a0<\/strong> Je suis architecte paysagiste, form\u00e9e en Angleterre, et r\u00e9side dans la r\u00e9gion l\u00e9manique depuis 2004.<\/p>\n<p>Laur\u00e9ate du Prix du Jury Concours Laurent-Perrier 2009, je vous apporte le meilleur du design britannique aux portes de Gen\u00e8ve.<\/p>\n<p>Combinant passion et pragmatisme, HM Garden Design vous aide \u00e0 optimiser vos espaces ext\u00e9rieures. Depuis les premiers dessins en avant-projet, HM Garden Design sera \u00e0 vos c\u00f4tes durant toute la dur\u00e9e d&#8217;\u00e9tude, jusqu&#8217;\u00e0 la r\u00e9alisation et d&#8217;ex\u00e9cution du jardin.<\/p>\n<p>Avez-vous recemment achet\u00e9 une maison avec jardin, et vous n&#8217;\u00eates pas s\u00fbr savoir quoi faire?<\/p>\n<p>Est-ce que votre jardin est d\u00e9j\u00e0 \u00e9tabli, mais vous \u00eates soucieux de vous lancer dans des changements radicaux tout seul?<\/p>\n<p>Etes-vous locataire, mais vous d\u00e9sirez avoir un beau jardin?<\/p>\n<p>Alors n&#8217;h\u00e9sitez pas \u00e0 me contacter!<\/p>\n<p>Vous pouvez \u00e9galement \u00e9couter mes conseils sur World Radio Switzerland, lors de mon \u00e9mission hebdomadaire sur le jardinage et le paysagisme: <a href=\"http:\/\/www.worldradio.ch\/radio\/shows\/dig-it.html\">Dig It!<\/a><\/p>\n<h3 style=\"font-size: 14px;\">CONTACT<\/h3>\n<p>HM Garden Design<br \/>\n120 Route de Villars Dame, Versonnex<br \/>\nFrance 01210<br \/>\nTel: +33 450 42 48 75<br \/>\n<a href=\"mailto:hester@hmgardendesign.com\">hester@hmgardendesign.com<\/a><\/p>\n","protected":false},"excerpt":{"rendered":"<p>Award-winning garden design With a British horticultural\u00a0qualification from the RHS I have been\u00a0working as a Garden\u00a0Designer\u00a0in the greater\u00a0Geneva area\u00a0since 2004.\u00a0As a native English speaker I have many\u00a0years experience also working in French. Winner of the Concours Laurent Perrier Prix du Jury in 2009, I bring the best of British design &#8230;<\/p>\n","protected":false},"author":1,"featured_media":0,"parent":0,"menu_order":0,"comment_status":"closed","ping_status":"closed","template":"","meta":[],"categories":[6],"tags":[],"_links":{"self":[{"href":"https:\/\/www.hmgardendesign.com\/index.php?rest_route=\/wp\/v2\/pages\/2"}],"collection":[{"href":"https:\/\/www.hmgardendesign.com\/index.php?rest_route=\/wp\/v2\/pages"}],"about":[{"href":"https:\/\/www.hmgardendesign.com\/index.php?rest_route=\/wp\/v2\/types\/page"}],"author":[{"embeddable":true,"href":"https:\/\/www.hmgardendesign.com\/index.php?rest_route=\/wp\/v2\/users\/1"}],"replies":[{"embeddable":true,"href":"https:\/\/www.hmgardendesign.com\/index.php?rest_route=%2Fwp%2Fv2%2Fcomments&post=2"}],"version-history":[{"count":83,"href":"https:\/\/www.hmgardendesign.com\/index.php?rest_route=\/wp\/v2\/pages\/2\/revisions"}],"predecessor-version":[{"id":669,"href":"https:\/\/www.hmgardendesign.com\/index.php?rest_route=\/wp\/v2\/pages\/2\/revisions\/669"}],"wp:attachment":[{"href":"https:\/\/www.hmgardendesign.com\/index.php?rest_route=%2Fwp%2Fv2%2Fmedia&parent=2"}],"wp:term":[{"taxonomy":"category","embeddable":true,"href":"https:\/\/www.hmgardendesign.com\/index.php?rest_route=%2Fwp%2Fv2%2Fcategories&post=2"},{"taxonomy":"post_tag","embeddable":true,"href":"https:\/\/www.hmgardendesign.com\/index.php?rest_route=%2Fwp%2Fv2%2Ftags&post=2"}],"curies":[{"name":"wp","href":"https:\/\/api.w.org\/{rel}","templated":true}]}}